{"id":11794,"date":"2022-12-08T08:13:51","date_gmt":"2022-12-08T06:13:51","guid":{"rendered":"https:\/\/lafrancepue.org\/wordpress\/?post_type=product&#038;p=11794"},"modified":"2023-03-10T18:44:12","modified_gmt":"2023-03-10T16:44:12","slug":"tuhoon-tuomitut-nalka-kasvaa-syodessa-lp","status":"publish","type":"product","link":"https:\/\/lafrancepue.org\/wordpress\/produit\/tuhoon-tuomitut-nalka-kasvaa-syodessa-lp\/","title":{"rendered":"TUHOON TUOMITUT \u00ab\u00a0N\u00e4lk\u00e4 Kasvaa Sy\u00f6dess\u00e4\u00a0\u00bb LP"},"content":{"rendered":"<p>(Finland). 9 Songs. Vapaa P\u00e4iv\u00e4, Nunchakupunk, Blistering Barricades Rds.<\/p>\n","protected":false},"excerpt":{"rendered":"<p>(Finland). 9 Songs. Vapaa P\u00e4iv\u00e4, Nunchakupunk, Blistering Barricades Rds.<\/p>\n","protected":false},"featured_media":11795,"template":"","meta":{"jetpack_post_was_ever_published":false},"product_brand":[],"product_cat":[474],"product_tag":[1463,6251],"class_list":{"0":"post-11794","1":"product","2":"type-product","3":"status-publish","4":"has-post-thumbnail","6":"product_cat-lps","7":"product_tag-finland","8":"product_tag-tuhoon-tuomitut","10":"first","11":"instock","12":"shipping-taxable","13":"purchasable","14":"product-type-simple"},"jetpack_sharing_enabled":true,"_links":{"self":[{"href":"https:\/\/lafrancepue.org\/wordpress\/wp-json\/wp\/v2\/product\/11794","targetHints":{"allow":["GET"]}}],"collection":[{"href":"https:\/\/lafrancepue.org\/wordpress\/wp-json\/wp\/v2\/product"}],"about":[{"href":"https:\/\/lafrancepue.org\/wordpress\/wp-json\/wp\/v2\/types\/product"}],"wp:featuredmedia":[{"embeddable":true,"href":"https:\/\/lafrancepue.org\/wordpress\/wp-json\/wp\/v2\/media\/11795"}],"wp:attachment":[{"href":"https:\/\/lafrancepue.org\/wordpress\/wp-json\/wp\/v2\/media?parent=11794"}],"wp:term":[{"taxonomy":"product_brand","embeddable":true,"href":"https:\/\/lafrancepue.org\/wordpress\/wp-json\/wp\/v2\/product_brand?post=11794"},{"taxonomy":"product_cat","embeddable":true,"href":"https:\/\/lafrancepue.org\/wordpress\/wp-json\/wp\/v2\/product_cat?post=11794"},{"taxonomy":"product_tag","embeddable":true,"href":"https:\/\/lafrancepue.org\/wordpress\/wp-json\/wp\/v2\/product_tag?post=11794"}],"curies":[{"name":"wp","href":"https:\/\/api.w.org\/{rel}","templated":true}]}}