{"id":12138,"date":"2023-04-22T10:14:19","date_gmt":"2023-04-22T08:14:19","guid":{"rendered":"https:\/\/lafrancepue.org\/wordpress\/?post_type=product&#038;p=12138"},"modified":"2023-05-27T12:40:50","modified_gmt":"2023-05-27T10:40:50","slug":"bad-jesus-experience-ovat-muistojemme-lehdet-kuolleet-10","status":"publish","type":"product","link":"https:\/\/lafrancepue.org\/wordpress\/produit\/bad-jesus-experience-ovat-muistojemme-lehdet-kuolleet-10\/","title":{"rendered":"BAD JESUS EXPERIENCE \u00ab\u00a0Ovat Muistojemme Lehdet Kuolleet\u00a0\u00bb 10&Prime;"},"content":{"rendered":"<p>(Finland). 10 Songs. Vapaa P\u00e4iv\u00e4, Nunchakupunk, Tuhoutuvat Levyt, M\u00f6g\u00e4head.<\/p>\n","protected":false},"excerpt":{"rendered":"<p>(Finland). 10 Songs. Vapaa P\u00e4iv\u00e4, Nunchakupunk, Tuhoutuvat Levyt, M\u00f6g\u00e4head.<\/p>\n","protected":false},"featured_media":12139,"template":"","meta":{"jetpack_post_was_ever_published":false},"product_brand":[],"product_cat":[2052],"product_tag":[4258,1463],"class_list":{"0":"post-12138","1":"product","2":"type-product","3":"status-publish","4":"has-post-thumbnail","6":"product_cat-10inches","7":"product_tag-bad-jesus-experience","8":"product_tag-finland","10":"first","11":"instock","12":"shipping-taxable","13":"purchasable","14":"product-type-simple"},"jetpack_sharing_enabled":true,"_links":{"self":[{"href":"https:\/\/lafrancepue.org\/wordpress\/wp-json\/wp\/v2\/product\/12138","targetHints":{"allow":["GET"]}}],"collection":[{"href":"https:\/\/lafrancepue.org\/wordpress\/wp-json\/wp\/v2\/product"}],"about":[{"href":"https:\/\/lafrancepue.org\/wordpress\/wp-json\/wp\/v2\/types\/product"}],"wp:featuredmedia":[{"embeddable":true,"href":"https:\/\/lafrancepue.org\/wordpress\/wp-json\/wp\/v2\/media\/12139"}],"wp:attachment":[{"href":"https:\/\/lafrancepue.org\/wordpress\/wp-json\/wp\/v2\/media?parent=12138"}],"wp:term":[{"taxonomy":"product_brand","embeddable":true,"href":"https:\/\/lafrancepue.org\/wordpress\/wp-json\/wp\/v2\/product_brand?post=12138"},{"taxonomy":"product_cat","embeddable":true,"href":"https:\/\/lafrancepue.org\/wordpress\/wp-json\/wp\/v2\/product_cat?post=12138"},{"taxonomy":"product_tag","embeddable":true,"href":"https:\/\/lafrancepue.org\/wordpress\/wp-json\/wp\/v2\/product_tag?post=12138"}],"curies":[{"name":"wp","href":"https:\/\/api.w.org\/{rel}","templated":true}]}}