{"id":15360,"date":"2026-05-09T13:13:33","date_gmt":"2026-05-09T11:13:33","guid":{"rendered":"https:\/\/lafrancepue.org\/wordpress\/?post_type=product&#038;p=15360"},"modified":"2026-05-09T13:13:33","modified_gmt":"2026-05-09T11:13:33","slug":"tiikeri-punk-on-tarkeaa-ep-ep","status":"publish","type":"product","link":"https:\/\/lafrancepue.org\/wordpress\/produit\/tiikeri-punk-on-tarkeaa-ep-ep\/","title":{"rendered":"TIIKERI \u00ab\u00a0Punk on T\u00e4rke\u00e4\u00e4 ep\u00a0\u00bb EP"},"content":{"rendered":"<p>(Finland). 4 Songs. General Speech, Tiikeri Rds, Vox Populi<\/p>\n","protected":false},"excerpt":{"rendered":"<p>(Finland). 4 Songs. General Speech, Tiikeri Rds, Vox Populi<\/p>\n","protected":false},"featured_media":15361,"template":"","meta":[],"product_brand":[],"product_cat":[475,2051],"product_tag":[1463,6926],"class_list":{"0":"post-15360","1":"product","2":"type-product","3":"status-publish","4":"has-post-thumbnail","6":"product_cat-eps","7":"product_cat-nouveautes","8":"product_tag-finland","9":"product_tag-tiikeri","11":"first","12":"instock","13":"shipping-taxable","14":"purchasable","15":"product-type-simple"},"jetpack_sharing_enabled":true,"_links":{"self":[{"href":"https:\/\/lafrancepue.org\/wordpress\/wp-json\/wp\/v2\/product\/15360","targetHints":{"allow":["GET"]}}],"collection":[{"href":"https:\/\/lafrancepue.org\/wordpress\/wp-json\/wp\/v2\/product"}],"about":[{"href":"https:\/\/lafrancepue.org\/wordpress\/wp-json\/wp\/v2\/types\/product"}],"wp:featuredmedia":[{"embeddable":true,"href":"https:\/\/lafrancepue.org\/wordpress\/wp-json\/wp\/v2\/media\/15361"}],"wp:attachment":[{"href":"https:\/\/lafrancepue.org\/wordpress\/wp-json\/wp\/v2\/media?parent=15360"}],"wp:term":[{"taxonomy":"product_brand","embeddable":true,"href":"https:\/\/lafrancepue.org\/wordpress\/wp-json\/wp\/v2\/product_brand?post=15360"},{"taxonomy":"product_cat","embeddable":true,"href":"https:\/\/lafrancepue.org\/wordpress\/wp-json\/wp\/v2\/product_cat?post=15360"},{"taxonomy":"product_tag","embeddable":true,"href":"https:\/\/lafrancepue.org\/wordpress\/wp-json\/wp\/v2\/product_tag?post=15360"}],"curies":[{"name":"wp","href":"https:\/\/api.w.org\/{rel}","templated":true}]}}