{"id":7289,"date":"2017-08-12T19:50:58","date_gmt":"2017-08-12T17:50:58","guid":{"rendered":"http:\/\/lafrancepue.org\/wordpress\/?post_type=product&#038;p=7289"},"modified":"2017-08-12T19:50:58","modified_gmt":"2017-08-12T17:50:58","slug":"bumbklaat-corrosion-ep","status":"publish","type":"product","link":"https:\/\/lafrancepue.org\/wordpress\/produit\/bumbklaat-corrosion-ep\/","title":{"rendered":"B\u00dcMBKL\u00c4\u00c4T \u00ab\u00a0Corrosion\u00a0\u00bb EP"},"content":{"rendered":"<p>(US). 6 Songs. Despotic Rds.<\/p>\n","protected":false},"excerpt":{"rendered":"<p>(US). 6 Songs. Despotic Rds.<\/p>\n","protected":false},"featured_media":1529,"template":"","meta":{"jetpack_post_was_ever_published":false},"product_brand":[],"product_cat":[475],"product_tag":[1787,1387],"class_list":{"0":"post-7289","1":"product","2":"type-product","3":"status-publish","4":"has-post-thumbnail","6":"product_cat-eps","7":"product_tag-bumbklaat","8":"product_tag-us","10":"first","11":"instock","12":"shipping-taxable","13":"purchasable","14":"product-type-simple"},"jetpack_sharing_enabled":true,"_links":{"self":[{"href":"https:\/\/lafrancepue.org\/wordpress\/wp-json\/wp\/v2\/product\/7289","targetHints":{"allow":["GET"]}}],"collection":[{"href":"https:\/\/lafrancepue.org\/wordpress\/wp-json\/wp\/v2\/product"}],"about":[{"href":"https:\/\/lafrancepue.org\/wordpress\/wp-json\/wp\/v2\/types\/product"}],"wp:featuredmedia":[{"embeddable":true,"href":"https:\/\/lafrancepue.org\/wordpress\/wp-json\/wp\/v2\/media\/1529"}],"wp:attachment":[{"href":"https:\/\/lafrancepue.org\/wordpress\/wp-json\/wp\/v2\/media?parent=7289"}],"wp:term":[{"taxonomy":"product_brand","embeddable":true,"href":"https:\/\/lafrancepue.org\/wordpress\/wp-json\/wp\/v2\/product_brand?post=7289"},{"taxonomy":"product_cat","embeddable":true,"href":"https:\/\/lafrancepue.org\/wordpress\/wp-json\/wp\/v2\/product_cat?post=7289"},{"taxonomy":"product_tag","embeddable":true,"href":"https:\/\/lafrancepue.org\/wordpress\/wp-json\/wp\/v2\/product_tag?post=7289"}],"curies":[{"name":"wp","href":"https:\/\/api.w.org\/{rel}","templated":true}]}}