{"id":9105,"date":"2019-03-30T13:57:23","date_gmt":"2019-03-30T11:57:23","guid":{"rendered":"http:\/\/lafrancepue.org\/wordpress\/?post_type=product&#038;p=9105"},"modified":"2019-06-29T19:08:11","modified_gmt":"2019-06-29T17:08:11","slug":"la-vie-des-autres-vol-1-charlotte-monasterio-photozine","status":"publish","type":"product","link":"https:\/\/lafrancepue.org\/wordpress\/produit\/la-vie-des-autres-vol-1-charlotte-monasterio-photozine\/","title":{"rendered":"LA VIE DES AUTRES-Vol.1 Charlotte Monasterio Photozine"},"content":{"rendered":"<p>A4. 64 Pages. Couv. Couleur. Imprim\u00e9. ANN\u00c9ES Z\u00c9RO, BLANK SLATE, BLEAKNESS, BORN SORRY, COOKIES, DELET\u00c4R, GUTTER, JC SATAN, KRONSTADT, LITIGE, LOVVE, MAR\u00c9E NOIRE, MORPHEME, NIGHTWATCHERS, SHOCK, SHORT DAYS, SLEEPING BEAUTIES, SUEURS FROIDES, SYNDROME 81, TV CRIME, VOLITION IMMANENT, YOUTH AVOIDERS, ZAPERLIPOPETTE.<\/p>\n","protected":false},"excerpt":{"rendered":"<p>A4. 64 Pages. Couv. Couleur. Imprim\u00e9. ANN\u00c9ES Z\u00c9RO, BLANK SLATE, BLEAKNESS, BORN SORRY, COOKIES, DELET\u00c4R, GUTTER, JC SATAN, KRONSTADT, LITIGE, LOVVE, MAR\u00c9E NOIRE, MORPHEME, NIGHTWATCHERS, SHOCK, SHORT DAYS, SLEEPING BEAUTIES, SUEURS FROIDES, SYNDROME 81, TV CRIME, VOLITION IMMANENT, YOUTH AVOIDERS, ZAPERLIPOPETTE.<\/p>\n","protected":false},"featured_media":9106,"template":"","meta":{"jetpack_post_was_ever_published":false},"product_brand":[],"product_cat":[478],"product_tag":[3922,3921],"class_list":{"0":"post-9105","1":"product","2":"type-product","3":"status-publish","4":"has-post-thumbnail","6":"product_cat-fanzines","7":"product_tag-charlotte-monasterio","8":"product_tag-la-vie-des-autres","10":"first","11":"instock","12":"shipping-taxable","13":"purchasable","14":"product-type-simple"},"jetpack_sharing_enabled":true,"_links":{"self":[{"href":"https:\/\/lafrancepue.org\/wordpress\/wp-json\/wp\/v2\/product\/9105","targetHints":{"allow":["GET"]}}],"collection":[{"href":"https:\/\/lafrancepue.org\/wordpress\/wp-json\/wp\/v2\/product"}],"about":[{"href":"https:\/\/lafrancepue.org\/wordpress\/wp-json\/wp\/v2\/types\/product"}],"wp:featuredmedia":[{"embeddable":true,"href":"https:\/\/lafrancepue.org\/wordpress\/wp-json\/wp\/v2\/media\/9106"}],"wp:attachment":[{"href":"https:\/\/lafrancepue.org\/wordpress\/wp-json\/wp\/v2\/media?parent=9105"}],"wp:term":[{"taxonomy":"product_brand","embeddable":true,"href":"https:\/\/lafrancepue.org\/wordpress\/wp-json\/wp\/v2\/product_brand?post=9105"},{"taxonomy":"product_cat","embeddable":true,"href":"https:\/\/lafrancepue.org\/wordpress\/wp-json\/wp\/v2\/product_cat?post=9105"},{"taxonomy":"product_tag","embeddable":true,"href":"https:\/\/lafrancepue.org\/wordpress\/wp-json\/wp\/v2\/product_tag?post=9105"}],"curies":[{"name":"wp","href":"https:\/\/api.w.org\/{rel}","templated":true}]}}